{"id":5142,"date":"2023-05-09T17:53:15","date_gmt":"2023-05-09T17:53:15","guid":{"rendered":"https:\/\/printheri.com\/?post_type=product&#038;p=5142"},"modified":"2023-06-13T06:36:41","modified_gmt":"2023-06-13T06:36:41","slug":"hermacoat-greaseproof-228-7","status":"publish","type":"product","link":"https:\/\/printheri.com\/?product=hermacoat-greaseproof-228-7","title":{"rendered":"OFSET BASKI BLANKET \u2013 SUPREME BISKUIT (WITHOUT BARS)"},"content":{"rendered":"<p><strong>Kova ve bardak bask\u0131 i\u00e7in \u00f6zel bask\u0131 blanketi<\/strong><\/p>\n<ul role=\"list\">\n<li>Plastik \u00fczerine UV m\u00fcrekkebi basmak i\u00e7in \u00f6zel olarak tasarlanm\u0131\u015f \u00fcst plaka<\/li>\n<li>Y\u00fcksek kalite ve dayan\u0131kl\u0131l\u0131k<\/li>\n<li>\u00d6zellikle tam y\u00fczeylerde daha iyi renk aktar\u0131m\u0131<\/li>\n<li>\u00c7ok \u00e7e\u015fitli bask\u0131 makinelerinde, \u00fcreticilerinde ve t\u00fcrlerinde kullan\u0131labilir<\/li>\n<li>\u00d6zellikle zor malzemeler \u00fczerine bask\u0131 yapmak i\u00e7in yumu\u015fak ve p\u00fcr\u00fczs\u00fcz kapak plakas\u0131<\/li>\n<li>Agresif UV m\u00fcrekkeplerine ve UV y\u0131kama maddelerine kar\u015f\u0131 \u00e7ok dayan\u0131kl\u0131<\/li>\n<\/ul>\n","protected":false},"excerpt":{"rendered":"<h2 class=\"heading details red\">TEKN\u0130K DETAYLAR<\/h2>\n<div class=\"rich-text w-richtext\">\n<p><strong>Kapak plakas\u0131<\/strong><\/p>\n<p>Renk: bisk\u00fcvi\/krem<\/p>\n<p><strong>Sertlik koruyucu lastik (DIN 53505):<\/strong><br \/>\n60\u00b0 Shore A<\/p>\n<p><strong>Toplam sertlik (DIN53505):<\/strong><br \/>\n80\u00b0 Shore A<\/p>\n<p><strong>Mikro kesit, kapak plakas\u0131:<\/strong><br \/>\n0,4 &#8211; 0,6 \u00b5m (RA)<\/p>\n<p><strong>toplam kal\u0131nl\u0131k:<\/strong><\/p>\n<p>1,70 mm<\/p>\n<p>1,95 mm<\/p>\n<p><strong>Mevcut geni\u015flik: 1067 mm<\/strong><\/p>\n<p><strong>Kendinden yap\u0131\u015fkanl\u0131 film ile de mevcuttur:<\/strong><\/p>\n<p>1,95 mm (yap\u0131\u015ft\u0131r\u0131c\u0131 dahil)<\/p>\n<p>2,25 mm (yap\u0131\u015ft\u0131r\u0131c\u0131 dahil)<\/p>\n<p><strong>koruyucu film OLMADAN kal\u0131nl\u0131k!<\/strong><\/p>\n<\/div>\n","protected":false},"featured_media":6097,"comment_status":"open","ping_status":"closed","template":"","meta":[],"product_cat":[105,103],"product_tag":[],"class_list":{"0":"post-5142","1":"product","2":"type-product","3":"status-publish","4":"has-post-thumbnail","6":"product_cat-blanket","7":"product_cat-indirim","9":"first","10":"instock","11":"sale","12":"featured","13":"taxable","14":"shipping-taxable","15":"purchasable","16":"product-type-simple"},"acf":[],"jetpack_sharing_enabled":true,"_links":{"self":[{"href":"https:\/\/printheri.com\/index.php?rest_route=\/wp\/v2\/product\/5142","targetHints":{"allow":["GET"]}}],"collection":[{"href":"https:\/\/printheri.com\/index.php?rest_route=\/wp\/v2\/product"}],"about":[{"href":"https:\/\/printheri.com\/index.php?rest_route=\/wp\/v2\/types\/product"}],"replies":[{"embeddable":true,"href":"https:\/\/printheri.com\/index.php?rest_route=%2Fwp%2Fv2%2Fcomments&post=5142"}],"wp:featuredmedia":[{"embeddable":true,"href":"https:\/\/printheri.com\/index.php?rest_route=\/wp\/v2\/media\/6097"}],"wp:attachment":[{"href":"https:\/\/printheri.com\/index.php?rest_route=%2Fwp%2Fv2%2Fmedia&parent=5142"}],"wp:term":[{"taxonomy":"product_cat","embeddable":true,"href":"https:\/\/printheri.com\/index.php?rest_route=%2Fwp%2Fv2%2Fproduct_cat&post=5142"},{"taxonomy":"product_tag","embeddable":true,"href":"https:\/\/printheri.com\/index.php?rest_route=%2Fwp%2Fv2%2Fproduct_tag&post=5142"}],"curies":[{"name":"wp","href":"https:\/\/api.w.org\/{rel}","templated":true}]}}