{"id":5139,"date":"2023-05-09T17:47:28","date_gmt":"2023-05-09T17:47:28","guid":{"rendered":"https:\/\/printheri.com\/?post_type=product&#038;p=5139"},"modified":"2023-06-13T06:51:53","modified_gmt":"2023-06-13T06:51:53","slug":"hermacoat-greaseproof-228-4","status":"publish","type":"product","link":"https:\/\/printheri.com\/?product=hermacoat-greaseproof-228-4","title":{"rendered":"OFSET BASKI BLANKET \u2013 RX PREMIUM \u00c7ITASIZ (WITHOUT BARS)"},"content":{"rendered":"<h2 id=\"w-node-_7e990087-f7ae-0e4c-8ea1-276cacef356d-346efbeb\" class=\"heading details red\"><strong>Yaprak beslemeli ofset bask\u0131 ve ambalaj bask\u0131s\u0131 i\u00e7in evrensel bask\u0131 blanketi:<\/strong><\/h2>\n<div class=\"rich-text w-richtext\">\n<ul role=\"list\">\n<li>Geleneksel ve hibrit m\u00fcrekkeplere dayan\u0131kl\u0131<\/li>\n<li>Azalt\u0131lm\u0131\u015f ka\u011f\u0131t tozu olu\u015fumu<\/li>\n<li>Ticari ve ambalaj bask\u0131s\u0131 i\u00e7in \u00e7ok uygun<\/li>\n<li>D\u00fc\u015f\u00fck nokta kazanc\u0131<\/li>\n<li>Y\u00fcksek kontrast<\/li>\n<li>Zor alt tabakalarda bile iyi ka\u011f\u0131t b\u0131rakma<\/li>\n<\/ul>\n<\/div>\n","protected":false},"excerpt":{"rendered":"<h2 id=\"w-node-_7e990087-f7ae-0e4c-8ea1-276cacef356d-346efbeb\" class=\"heading details red\"><strong>Yaprak beslemeli ofset bask\u0131 ve ambalaj bask\u0131s\u0131 i\u00e7in evrensel bask\u0131 blanketi:<\/strong><\/h2>\n<div class=\"rich-text w-richtext\">\n<ul role=\"list\">\n<li>Geleneksel ve hibrit m\u00fcrekkeplere dayan\u0131kl\u0131<\/li>\n<li>Azalt\u0131lm\u0131\u015f ka\u011f\u0131t tozu olu\u015fumu<\/li>\n<li>Ticari ve ambalaj bask\u0131s\u0131 i\u00e7in \u00e7ok uygun<\/li>\n<li>D\u00fc\u015f\u00fck nokta kazanc\u0131<\/li>\n<li>Y\u00fcksek kontrast<\/li>\n<li>Zor alt tabakalarda bile iyi ka\u011f\u0131t b\u0131rakma<\/li>\n<\/ul>\n<\/div>\n","protected":false},"featured_media":6071,"comment_status":"open","ping_status":"closed","template":"","meta":[],"product_cat":[105,103],"product_tag":[],"class_list":{"0":"post-5139","1":"product","2":"type-product","3":"status-publish","4":"has-post-thumbnail","6":"product_cat-blanket","7":"product_cat-indirim","9":"first","10":"instock","11":"sale","12":"featured","13":"taxable","14":"shipping-taxable","15":"purchasable","16":"product-type-simple"},"acf":[],"jetpack_sharing_enabled":true,"_links":{"self":[{"href":"https:\/\/printheri.com\/index.php?rest_route=\/wp\/v2\/product\/5139","targetHints":{"allow":["GET"]}}],"collection":[{"href":"https:\/\/printheri.com\/index.php?rest_route=\/wp\/v2\/product"}],"about":[{"href":"https:\/\/printheri.com\/index.php?rest_route=\/wp\/v2\/types\/product"}],"replies":[{"embeddable":true,"href":"https:\/\/printheri.com\/index.php?rest_route=%2Fwp%2Fv2%2Fcomments&post=5139"}],"wp:featuredmedia":[{"embeddable":true,"href":"https:\/\/printheri.com\/index.php?rest_route=\/wp\/v2\/media\/6071"}],"wp:attachment":[{"href":"https:\/\/printheri.com\/index.php?rest_route=%2Fwp%2Fv2%2Fmedia&parent=5139"}],"wp:term":[{"taxonomy":"product_cat","embeddable":true,"href":"https:\/\/printheri.com\/index.php?rest_route=%2Fwp%2Fv2%2Fproduct_cat&post=5139"},{"taxonomy":"product_tag","embeddable":true,"href":"https:\/\/printheri.com\/index.php?rest_route=%2Fwp%2Fv2%2Fproduct_tag&post=5139"}],"curies":[{"name":"wp","href":"https:\/\/api.w.org\/{rel}","templated":true}]}}